f) + 2*m(f). Give o(-1).
-9
Let u(x) = x**2 + 10*x + 13. Suppose 2*k + 25 = 9*q - 8*q, -15 = k - q. Calculate u(k).
13
Let t(a) be the second derivative of a**5/20 + a**4/4 - a**3/2 - 3*a**2/2 - a. Let i be t(-3). Suppose -v - v = i. Let m(b) = -b - 1. Calculate m(v).
2
Let j = -603 - -603. Let d(u) = -u - 32. Calculate d(j).
-32
Let j(y) = -2*y + 0 + 0. Let s(f) = -f + 5. Let a(i) = -i + 5. Let t(x) = -3*a(x) + 4*s(x). Let u be t(1). Give j(u).
-8
Let b(v) be the third derivative of 0 + 0*v - 6*v**2 - 5/12*v**4 + 0*v**3. Let l(j) = j. Let o be l(-1). Give b(o).
10
Let b(j) = -15*j + 2. Suppose -77 = 13*o - 64. Calculate b(o).
17
Let n(d) = d**2 + 2*d - 11. Suppose 0 = -4*v + 100 - 120. Give n(v).
4
Let a(w) = w**2 + 1. Let s(u) be the second derivative of -2/3*u**3 + 7*u**2 + 0 + 5/12*u**4 - 4*u. Let d(n) = 6*a(n) - s(n). Give d(-6).
4
Let d(v) = 8*v**2 + 11*v - 10. Let a(h) = -17*h**2 - 23*h + 21. Let z(x) = -6*a(x) - 13*d(x). Suppose -14*b - 17 - 39 = 0. Determine z(b).
-8
Let w(c) = -c + 6. Suppose 66 = 2*s + 58. Suppose -2*v - 6 = -d, 4*d - s*v + 1 = 13. What is w(d)?
6
Let m(u) be the third derivative of -u**4/8 + u**3/3 + u**2. Let h = -18589 - -18586. Give m(h).
11
Suppose 4*b + n - 10 = -1, 5*b = n. Let f(v) = b - 1832*v + 0 + 1831*v. What is f(-4)?
5
Let n(s) = s**3 - 2*s**2 + 1. Suppose -l - 33 = 4*j, l - j + 6 = -2. Let q = l + 2. Let v = -9 - q. Calculate n(v).
1
Let z(o) be the third derivative of 5/6*o**3 + 2*o**2 + 1/4*o**4 + 0 + 0*o + 1/60*o**5. Calculate z(-5).
0
Let w(r) = -r + 22. Let b be w(20). Let i(x) = -2*x - 5*x**2 + 5*x**2 - b*x**2 - 1 + 10*x**3. Give i(-1).
-11
Let m be 1/(-4) + (-1)/(8/(-42)). Let s(x) be the third derivative of -x**4/12 + x**3 + 2*x**2. Determine s(m).
-4
Let f be 6 + (1 - 5) + 0. Let q(k) = -k**2 + 2*k - 13*k + f + 5*k. Let j be (1/1)/(2/(-12)). Determine q(j).
2
Let f = 717 - 731. Let r(d) = -3*d - 35. Give r(f).
7
Suppose -2*y - 33 = -y + 4*t, -3*y - 43 = -2*t. Let h = -11 - y. Let f(p) = 5*p**2 + p - 6. Let v(x) = -x**2 + x + 1. Let r(m) = f(m) + 6*v(m). Give r(h).
6
Let b(w) = 2*w**2 + w - 2. Let p(r) = -r**3 - 3*r**2 + 1. Let n be p(-1). Let v be (-2 - 0 - 1) + (n - -2). Calculate b(v).
4
Suppose -10*x + 9 = -7*x. Let z(t) = -4 + x*t + 4 - 5*t. Give z(6).
-12
Let a(i) = -261 + 2*i**2 + 524 - i - 262. Suppose 35*r = 34*r + 2. What is a(r)?
7
Let t = 530 - 524. Let f = 0 + 0. Suppose f = 5*s + 9 + t. Let w(n) = -n**2 + n + 4. Calculate w(s).
-8
Let y(c) = 6*c**2 - c + 1. Suppose -4*t + 44 = 52. Determine y(t).
27
Let p(s) = -99*s**2 - 1 + 98*s**2 + 11*s - s**3 - 9*s. Determine p(3).
-31
Suppose -1 - 3 = -f. Suppose 2*i - f = -2*k - 2*k, 3*i + 12 = 0. Let t(d) = 2*d - 4*d - k - 1 + 3. Give t(2).
-5
Suppose 29*s - 25*s = -14*s - 18. Let d(p) be the first derivative of -p**4/4 - p**3 + p - 1. Calculate d(s).
-1
Let b = 461 + -455. Let z(t) = -t**3 + 4*t**2 + 8*t + 9. Determine z(b).
-15
Let s(a) be the first derivative of -a**4/2 - 4*a**3/3 - 3*a**2/2 - 53. Let z = -7 - -12. Suppose 0 = z*b - 2*b + 6. Give s(b).
6
Suppose -4*r = -13 + 37. Let v(k) = 36 - k - 124 + 46 + 0*k + 40. Give v(r).
4
Let k(p) = p**2 + p - 28. Let u(n) be the second derivative of 4*n**3/3 - 28*n**2 - 18*n. Let l be u(7). Give k(l).
-28
Let q = 50 + -23. Suppose 4*c + 19 = -5*n + 183, n - 5*c - q = 0. Let d = n + -28. Let p(v) = -v**2 + 5*v - 2. Give p(d).
2
Let v(n) = n**2 + n - 1. Let l be v(-2). Let o(r) = 14*r + 1. What is o(l)?
15
Suppose -3*u - 2 - 4 = 5*z, 4*u + 4*z = -8. Let x(i) be the second derivative of -i**2 + 5*i + 0 - 1/6*i**3. Give x(u).
0
Let p(b) be the second derivative of -b**3/2 - 3*b**2/2 - 2*b + 17. Determine p(-2).
3
Suppose 3*s - 19 + 31 = 0. Let u(b) = -3*b - 5. Give u(s).
7
Let l(f) = -f**2 + 8*f - 1. Let v be l(8). Let t = v - -6. Let u(j) = -j + 10. Let i(o) = -1. Let z(a) = 6*i(a) + u(a). Determine z(t).
-1
Suppose -30 + 2 = -2*r. Let j = -16 + r. Let w(a) be the first derivative of a**4/4 + a**3/3 - 23. Give w(j).
-4
Let g(t) = -3*t**3 - t**2 - 2*t - 1. Let f = -6 - -5. Let o be g(f). Let q(h) = -h**2 + 3*h - 4. Calculate q(o).
-4
Suppose -3*g + 33 = -4*v, 2*g = -3*v + 5*v + 18. Let t(u) = -u**2 + 36*u - 3. Let h(n) = 5*n**2 - 201*n + 13. Let p(i) = 2*h(i) + 11*t(i). Calculate p(v).
-7
Let c(x) = 4*x**3 - 1 + 0 + 0*x**3 + 60584*x**2 - 60582*x**2. Give c(-1).
-3
Let y = -23 + 55. Suppose y*j - 10 = 27*j. Let p(k) = 3*k**3 - 4*k**2 + k + 2. Calculate p(j).
12
Suppose 1 = 4*a - 11. Let v be (-5 - -7)/((-4)/(-6)). Let g(i) = 0 + 0*i**2 + i - 4 - v*i**2 + i**3. Determine g(a).
-1
Let d(g) be the second derivative of g**4/12 + g**3 - 11*g**2/2 + 2*g - 122. Determine d(-9).
16
Let r(p) = -p**3 - 3*p**2 + 4*p - 1. Suppose 0 = 4*c + 5*y + 37, 10 - 1 = 2*c - 3*y. Calculate r(c).
-13
Suppose 3*s = n - 17, n + 2*s - 7*s - 25 = 0. Let d(t) = -6*t**2 + 2*t + 6*t**2 - t**3 - t**2 - 4 + n*t**2. What is d(4)?
4
Let o(k) be the first derivative of k**2/2 - 8*k - 508. Let t be (-8)/(-3)*6/4. Give o(t).
-4
Let p be 18/(-4)*8/(-18). Suppose -d + 6*d + p = 2*v, 3*v = 2*d + 3. Let o be ((-18)/(-15))/(v/(-5)). Let t(u) = u + 1. Determine t(o).
-5
Let h(u) = 3*u**3 - 7*u**2 - u + 5. Let y(l) = -7*l**3 + 15*l**2 + 3*l - 12. Let z(f) = -9*h(f) - 4*y(f). What is z(-3)?
12
Let w(r) = -r - 1. Let v be w(-2). Let n = 3 - v. Let k(p) = -5*p + 0*p**2 + 10 + 0 - p**n - 2. Determine k(-6).
2
Let f(y) = 11. Let r(q) = -q + 46. Let m(v) = -9*f(v) + 2*r(v). Determine m(-6).
5
Let n(t) = -4*t - 25. Let f(y) = 3*y + 24. Let p(c) = -3*f(c) - 2*n(c). Calculate p(-8).
-14
Let a(w) = -w - 7. Suppose -15 - 2 = b. Let c = 13 + b. Calculate a(c).
-3
Let o(n) = -5*n**3 - 2*n**2 - n + 2. Suppose 5*a + 68*d - 1 = 72*d, 2*a - 5*d + 3 = 0. Determine o(a).
-6
Suppose 5*h - 80 + 5 = -5*b, 3*h + b = 41. Let p(s) = -s**3 + 12*s**2 + 11*s + 23. What is p(h)?
-3
Let x(n) = -41*n**3 + 2*n + 11. Let a(d) = 21*d**3 + 20*d**2 - d - 6 - 44*d**2 + 24*d**2. Let v(j) = -11*a(j) - 6*x(j). Calculate v(-1).
-14
Let y(k) = -k**3 + 7*k**2 + 9*k - 1. Let f be -31*1/(-4) + 1/4. Give y(f).
7
Suppose -3*a + 5 = -2*z, -a - 4*a + 21 = 3*z. Let i(x) = -7*x**2 + a*x**2 + 6*x**2 + x - x**3 - 4. What is i(3)?
-10
Let f(w) = -w**2 - w - 1. Let k(z) = 3*z**2 - 6*z - 1. Let v(i) = -2*f(i) - k(i). Give v(8).
3
Let p(i) = -3 - 3 - i**3 - 4*i**2 + 1 - 2*i. Let s = -29 + 26. Let o(z) = 2*z**2 + 7*z - 1. Let b be o(s). Calculate p(b).
3
Let v = 13 + -10. Let n(h) = -h**3 - v - h + 8*h**2 - 21*h**2 + 0*h**3 + 7*h**2. Give n(-5).
-23
Let l(c) = -5*c + 5 - c + 7*c. Let b(g) = g**2 - 14*g + 49. Let d be b(5). Determine l(d).
9
Suppose 0 = -5*z - 15, -5*p + 2*z = 7*z + 110. Let c = p - -23. Let a(k) = k**2 - k + 4. What is a(c)?
16
Let t = 6 + -15. Let b(p) = p**3 + 7*p**2 - 17*p + 7. Give b(t).
-2
Let a(i) be the third derivative of 0*i - 8*i**2 + 2*i**3 - 1/24*i**4 + 0. Calculate a(5).
7
Let z(d) = d. Suppose -u + 26 = 3*t, -u = -5*t - 18 - 32. Suppose 0*o - 5*o = -u. Let n = -8 + o. Determine z(n).
-1
Suppose 10 = -6*o + 46. Let g(y) = 0*y - y + 2*y - 6. Determine g(o).
0
Suppose -2*u - 4*h + 22 = u, 3*u + 2 = 2*h. Suppose -5*b + 5*r - 2*r = -88, 4*b = u*r + 72. Let d = 16 - b. Let g(v) = 2*v + 2. Determine g(d).
-6
Let m = -19 + 32. Suppose 5*q - q - 24 = 0. Let v(j) = q + j**3 + m*j**2 + j + j - 8*j**2. Give v(-5).
-4
Let b(l) = l + 3. Let o(z) = -10. Let h(y) = b(y) - 2*o(y). Calculate h(-12).
11
Let b(x) = x + 9. Let h = 11 + 4. Let l = 17 - h. Suppose u = 3*p + 15, 0*u + 3*u = -l*p + 1. What is b(p)?
5
Let m(s) = -55*s - 279. Let c be m(-5). Let z(y) = 4*y**2 - y + 2. Let j(w) = w**2 + w + 1. Let r(q) = 5*j(q) - z(q). Give r(c).
-5
Let u(w) = w**3 + 8*w**2 + 6*w - 11. Let c be u(-7). Let n(t) = t**3 + 3*t**2 - 2*t + 1. Give n(c).
-7
Let b be (-24)/4 + 5 + 5. Let o(z) = z**2 - 1 - 5*z + 2*z + 0*z. Give o(b).
3
Suppose 5*f - 30 = 4*k, -2*f - 3*k = -0*k - 35. Let t(p) = -11*p + 20*p - 7 - f*p. Give t(-5).
-2
Let j(g) be the first derivative of 1/3*g**3 + 7/2*g**2 + 6*g + 1. Calculate j(-6).
0
Let k(l) = -l**2 - 7 - 6*l + 10*l + 10*l**3 + 5 - 3*l**3 - l. Give k(1).
7
Let p be ((-24)/(-96))/((-2)/104). Let z(w) = w**2 + 13*w - 6. Calculate z(p).
-6
Let x(u) = 3*u**2 - 21*u - 8. Let o(k) = k**3 - 3*k**2 - 2*k + 2. Let b be o(2). Let n(q) = -q**2 + 7*q + 3. Let h(m) = b*x(m) - 17